{"id":1571,"date":"2019-02-13T13:12:23","date_gmt":"2019-02-13T12:12:23","guid":{"rendered":"https:\/\/relnet.hu\/?post_type=tribe_events&#038;p=1571"},"modified":"2019-03-12T12:55:53","modified_gmt":"2019-03-12T11:55:53","slug":"kemp-exkluziv-partner-webinarium-az-uj-kemp","status":"publish","type":"tribe_events","link":"https:\/\/relnet.hu\/en\/rendezveny\/kemp-exkluziv-partner-webinarium-az-uj-kemp\/","title":{"rendered":"Kemp exkluz\u00edv partner webin\u00e1rium &#8211; Az \u00faj Kemp"},"content":{"rendered":"<p><strong>Kemp exkluz\u00edv partner webin\u00e1rium &#8211; Az \u00faj Kemp<\/strong><\/p>\n<p>Az el\u0151ad\u00f3 Tony Thompson a Kemp Technologies marketing igazgat\u00f3ja lesz.<\/p>\n<p>A Kemp tov\u00e1bbra is meghat\u00e1roz\u00f3 szerepet t\u00f6lt be az application delivery ter\u00fclet j\u00f6v\u0151j\u00e9nek alak\u00edt\u00e1s\u00e1ban \u00e9s megold\u00e1saival minden piaci ig\u00e9nyt igyekszik kiel\u00e9g\u00edteni a konkurens gy\u00e1rt\u00f3k\u00e9n\u00e1l j\u00f3val versenyk\u00e9pesebb \u00e1rakon. Term\u00e9keik jelen vannak az alkalmaz\u00e1sonk\u00e9nt sk\u00e1l\u00e1zhat\u00f3 ADC megold\u00e1sokt\u00f3l az \u00f3ri\u00e1s teljes\u00edtm\u00e9ny\u0171 terhel\u00e9seloszt\u00f3 hardverekig, mind a cloud, a multicloud, mind az adatk\u00f6zponti k\u00f6rnyezetekben is.<\/p>\n<p>Csatlakozzon a webin\u00e1riumhoz, \u00e9s ismerje meg els\u0151 k\u00e9zb\u0151l, hogy mi\u00e9rt \u00e9rdemes Kemp partnerk\u00e9nt egy\u00fcttm\u0171k\u00f6dn\u00fcnk!<\/p>\n<p><span style=\"text-decoration: underline;\">Az el\u0151ad\u00e1s tartalma:<\/span><\/p>\n<p>\u2022 A Kemp m\u00e1rka meg\u00fajul\u00e1sa<\/p>\n<p>\u2022 \u00daj term\u00e9kek bejelent\u00e9se \u00e9s a technol\u00f3giai fejleszt\u00e9sek ir\u00e1ny\u00e1nak bemutat\u00e1sa<\/p>\n<p>\u2022 Kulcsfontoss\u00e1g\u00fa eszk\u00f6z\u00f6k, amelyek seg\u00edts\u00e9g\u00e9vel sikeresebb\u00e9 v\u00e1lhatnak a Kemp term\u00e9kek \u00e9rt\u00e9kes\u00edt\u00e9s\u00e9ben.<\/p>\n<p>A webin\u00e1rium angol nyelv\u0171 \u00e9s a gy\u00e1rt\u00f3 oldal\u00e1n lehet r\u00e1 regisztr\u00e1lni.<\/p>\n<p><span style=\"display: inline !important; float: none; background-color: transparent; color: #333333; cursor: text; font-family: Georgia,'Times New Roman','Bitstream Charter',Times,serif; font-size: 16px; font-style: normal; font-variant: normal; font-weight: 400; letter-spacing: normal; orphans: 2; text-align: left; text-decoration: none; text-indent: 0px; text-transform: none; -webkit-text-stroke-width: 0px; white-space: normal; word-spacing: 0px;\"><hr class=\" hr_color\" style=\"margin:0 auto 30px;\"\/>\n<\/span><\/p>\n<p style=\"text-align: center;\"><strong><span style=\"font-family: georgia,palatino,serif; font-size: 12pt;\">Az \u00faj Kemp webin\u00e1rium<\/span><\/strong><br \/>\n2019. febru\u00e1r 19.<br \/>\n16:00 (CET) \u00f3rakor<br \/>\n<div class=\"button_align align_center\"><a class=\"button  button_size_2\" href=\"https:\/\/bit.ly\/2WUvA4W\"     style=\"color:#6179a1;\" target=\"_blank\" rel=\"noopener\"   title=\"\"><span class=\"button_label\">REGISZTR\u00c1CI\u00d3<\/span><\/a><\/div>\n<\/p>\n","protected":false},"excerpt":{"rendered":"<p>A Kemp Technologies egy exkluz\u00edv webin\u00e1rium keret\u00e9ben sz\u00e1mol be legfrissebb fejleszt\u00e9sir\u0151l.<\/p>\n","protected":false},"author":1086,"featured_media":1575,"comment_status":"closed","ping_status":"closed","template":"","meta":{"footnotes":""},"tags":[55,56,168,69,68],"tribe_events_cat":[20,167,66],"yst_prominent_words":[],"class_list":["post-1571","tribe_events","type-tribe_events","status-publish","has-post-thumbnail","hentry","tag-kemp","tag-kemp-technologies","tag-new-kemp","tag-webinar","tag-webinarium","tribe_events_cat-gyarto","tribe_events_cat-kemp-technologies","tribe_events_cat-webinarium","cat_gyarto","cat_kemp-technologies","cat_webinarium"],"_links":{"self":[{"href":"https:\/\/relnet.hu\/en\/wp-json\/wp\/v2\/tribe_events\/1571","targetHints":{"allow":["GET"]}}],"collection":[{"href":"https:\/\/relnet.hu\/en\/wp-json\/wp\/v2\/tribe_events"}],"about":[{"href":"https:\/\/relnet.hu\/en\/wp-json\/wp\/v2\/types\/tribe_events"}],"author":[{"embeddable":true,"href":"https:\/\/relnet.hu\/en\/wp-json\/wp\/v2\/users\/1086"}],"replies":[{"embeddable":true,"href":"https:\/\/relnet.hu\/en\/wp-json\/wp\/v2\/comments?post=1571"}],"version-history":[{"count":0,"href":"https:\/\/relnet.hu\/en\/wp-json\/wp\/v2\/tribe_events\/1571\/revisions"}],"wp:featuredmedia":[{"embeddable":true,"href":"https:\/\/relnet.hu\/en\/wp-json\/wp\/v2\/media\/1575"}],"wp:attachment":[{"href":"https:\/\/relnet.hu\/en\/wp-json\/wp\/v2\/media?parent=1571"}],"wp:term":[{"taxonomy":"post_tag","embeddable":true,"href":"https:\/\/relnet.hu\/en\/wp-json\/wp\/v2\/tags?post=1571"},{"taxonomy":"tribe_events_cat","embeddable":true,"href":"https:\/\/relnet.hu\/en\/wp-json\/wp\/v2\/tribe_events_cat?post=1571"},{"taxonomy":"yst_prominent_words","embeddable":true,"href":"https:\/\/relnet.hu\/en\/wp-json\/wp\/v2\/yst_prominent_words?post=1571"}],"curies":[{"name":"wp","href":"https:\/\/api.w.org\/{rel}","templated":true}]}}

Kemp exkluzív partner webinárium &#8211; Az új Kemp

<p><strong>Kemp exkluzív partner webinárium &#8211; Az új Kemp</strong></p>
<p>Az előadó Tony Thompson a Kemp Technologies marketing igazgatója lesz.</p>
<p>A Kemp továbbra is meghatározó szerepet tölt be az application delivery terület jövőjének alakításában és megoldásaival minden piaci igényt igyekszik kielégíteni a konkurens gyártókénál jóval versenyképesebb árakon. Termékeik jelen vannak az alkalmazásonként skálázható ADC megoldásoktól az óriás teljesítményű terheléselosztó hardverekig, mind a cloud, a multicloud, mind az adatközponti környezetekben is.</p>
<p>Csatlakozzon a webináriumhoz, és ismerje meg első kézből, hogy miért érdemes Kemp partnerként együttműködnünk!</p>
<p><span style="text-decoration: underline;">Az előadás tartalma:</span></p>
<p>• A Kemp márka megújulása</p>
<p>• Új termékek bejelentése és a technológiai fejlesztések irányának bemutatása</p>
<p>• Kulcsfontosságú eszközök, amelyek segítségével sikeresebbé válhatnak a Kemp termékek értékesítésében.</p>
<p>A webinárium angol nyelvű és a gyártó oldalán lehet rá regisztrálni.</p>
<p><span style="display: inline !important; float: none; background-color: transparent; color: #333333; cursor: text; font-family: Georgia,'Times New Roman','Bitstream Charter',Times,serif; font-size: 16px; font-style: normal; font-variant: normal; font-weight: 400; letter-spacing: normal; orphans: 2; text-align: left; text-decoration: none; text-indent: 0px; text-transform: none; -webkit-text-stroke-width: 0px; white-space: normal; word-spacing: 0px;"><hr class=" hr_color" style="margin:0 auto 30px;"/>
</span></p>
<p style="text-align: center;"><strong><span style="font-family: georgia,palatino,serif; font-size: 12pt;">Az új Kemp webinárium</span></strong><br />
2019. február 19.<br />
16:00 (CET) órakor<br />
<div class="button_align align_center"><a class="button  button_size_2" href="https://bit.ly/2WUvA4W"     style="color:#6179a1;" target="_blank" rel="noopener"   title=""><span class="button_label">REGISZTRÁCIÓ</span></a></div>
</p>

<p>A Kemp Technologies egy exkluzív webinárium keretében számol be legfrissebb fejlesztésiről.</p>
