{"id":21884,"date":"2022-05-02T09:42:07","date_gmt":"2022-05-02T07:42:07","guid":{"rendered":"https:\/\/relnet.hu\/?post_type=tribe_events&#038;p=21884"},"modified":"2022-05-02T09:43:36","modified_gmt":"2022-05-02T07:43:36","slug":"extreme-connect-virtual","status":"publish","type":"tribe_events","link":"https:\/\/relnet.hu\/en\/rendezveny\/extreme-connect-virtual\/","title":{"rendered":"Extreme Connect Virtual"},"content":{"rendered":"<p><strong>Az Extreme Networks 2022. j\u00fanius 6-a \u00e9s 9-e k\u00f6z\u00f6tt szervezi meg nagyszab\u00e1s\u00fa konferenci\u00e1j\u00e1t az amerikai Nashville-ben. Ennek keret\u00e9ben kedden, j\u00fanius 7-\u00e9n az Extreme lehet\u0151v\u00e9 teszi, hogy virtu\u00e1lisan csatlakozzanak a rendezv\u00e9nyhez az \u00e9rdekl\u0151d\u0151k. A virtu\u00e1lis r\u00e9szv\u00e9tel ingyenes!<\/strong><\/p>\n<p><a href=\"https:\/\/web.cvent.com\/event\/7123fdd4-5377-4f6e-8fb6-9962c1d8192f\/summary\">R\u00e9szletek \u00e9s regisztr\u00e1ci\u00f3 az Extreme Connect weboldal\u00e1n<\/a><\/p>\n<p>Az Extreme Connect egy glob\u00e1lis konferencia, amely v\u00e9gfelhaszn\u00e1l\u00f3k \u00e9s m\u0171szaki partnerek, megl\u00e9v\u0151 vagy leend\u0151 \u00fcgyfelek \u00e9rdekl\u0151d\u00e9s\u00e9re egyar\u00e1nt sz\u00e1mot tart. A r\u00e9sztvev\u0151k jellemz\u0151en IT-szakemberekb\u0151l \u00e9s \u00fczleti d\u00f6nt\u00e9shoz\u00f3kb\u00f3l \u00e1llnak, a legk\u00fcl\u00f6nf\u00e9l\u00e9bb m\u00e9ret\u0171 \u00e9s vertikum\u00fa szervezetekb\u0151l.<\/p>\n<p>A n\u00e9gynapos rendezv\u00e9nyen<\/p>\n<ul>\n<li>igazgat\u00f3i prezent\u00e1ci\u00f3k, szakmai el\u0151ad\u00e1sok,<\/li>\n<li>kapcsolat\u00e9p\u00edt\u00e9sre is kiv\u00e1l\u00f3an alkalmas k\u00f6tetlen technikai egyeztet\u00e9sek \u00e9s<\/li>\n<li>vizsg\u00e1z\u00e1si lehet\u0151s\u00e9ggel egybek\u00f6t\u00f6tt m\u00e9lyrehat\u00f3 tr\u00e9ningek lesznek,<\/li>\n<\/ul>\n<p>melyek mind seg\u00edtenek az Extreme Networks term\u00e9kek \u00e9s szoftverek megismer\u00e9s\u00e9ben \u00e9s sikeres haszn\u00e1lat\u00e1ban.<\/p>\n<p>Az Extreme Connect Virtual r\u00e9szletes napirendj\u00e9r\u0151l k\u00e9s\u0151bb adunk t\u00e1j\u00e9koztat\u00e1st.<\/p>\n<p><strong>\u00cdrja be a napt\u00e1r\u00e1ba!<\/strong><\/p>\n<p><strong>2022. j\u00fanius 7-\u00e9n ingyenes Extreme Connect Virtual<\/strong><\/p>\n<p><a href=\"https:\/\/web.cvent.com\/event\/7123fdd4-5377-4f6e-8fb6-9962c1d8192f\/summary\">R\u00e9szletek \u00e9s regisztr\u00e1ci\u00f3 az Extreme Connect weboldal\u00e1n<\/a><\/p>\n","protected":false},"excerpt":{"rendered":"<p>Az Extreme Networks 2022. j\u00fanius 6-a \u00e9s 9-e k\u00f6z\u00f6tt szervezi meg nagyszab\u00e1s\u00fa konferenci\u00e1j\u00e1t az amerikai Nashville-ben. Ennek keret\u00e9ben kedden, j\u00fanius 7-\u00e9n az Extreme lehet\u0151v\u00e9 teszi, hogy virtu\u00e1lisan csatlakozzanak a rendezv\u00e9nyhez az \u00e9rdekl\u0151d\u0151k. A virtu\u00e1lis r\u00e9szv\u00e9tel ingyenes!<\/p>\n","protected":false},"author":1086,"featured_media":21885,"comment_status":"closed","ping_status":"closed","template":"","meta":{"footnotes":""},"tags":[],"tribe_events_cat":[96],"yst_prominent_words":[],"class_list":["post-21884","tribe_events","type-tribe_events","status-publish","has-post-thumbnail","hentry","tribe_events_cat-extreme-networks","cat_extreme-networks"],"_links":{"self":[{"href":"https:\/\/relnet.hu\/en\/wp-json\/wp\/v2\/tribe_events\/21884","targetHints":{"allow":["GET"]}}],"collection":[{"href":"https:\/\/relnet.hu\/en\/wp-json\/wp\/v2\/tribe_events"}],"about":[{"href":"https:\/\/relnet.hu\/en\/wp-json\/wp\/v2\/types\/tribe_events"}],"author":[{"embeddable":true,"href":"https:\/\/relnet.hu\/en\/wp-json\/wp\/v2\/users\/1086"}],"replies":[{"embeddable":true,"href":"https:\/\/relnet.hu\/en\/wp-json\/wp\/v2\/comments?post=21884"}],"version-history":[{"count":4,"href":"https:\/\/relnet.hu\/en\/wp-json\/wp\/v2\/tribe_events\/21884\/revisions"}],"predecessor-version":[{"id":21890,"href":"https:\/\/relnet.hu\/en\/wp-json\/wp\/v2\/tribe_events\/21884\/revisions\/21890"}],"wp:featuredmedia":[{"embeddable":true,"href":"https:\/\/relnet.hu\/en\/wp-json\/wp\/v2\/media\/21885"}],"wp:attachment":[{"href":"https:\/\/relnet.hu\/en\/wp-json\/wp\/v2\/media?parent=21884"}],"wp:term":[{"taxonomy":"post_tag","embeddable":true,"href":"https:\/\/relnet.hu\/en\/wp-json\/wp\/v2\/tags?post=21884"},{"taxonomy":"tribe_events_cat","embeddable":true,"href":"https:\/\/relnet.hu\/en\/wp-json\/wp\/v2\/tribe_events_cat?post=21884"},{"taxonomy":"yst_prominent_words","embeddable":true,"href":"https:\/\/relnet.hu\/en\/wp-json\/wp\/v2\/yst_prominent_words?post=21884"}],"curies":[{"name":"wp","href":"https:\/\/api.w.org\/{rel}","templated":true}]}}

<p><strong>Az Extreme Networks 2022. június 6-a és 9-e között szervezi meg nagyszabású konferenciáját az amerikai Nashville-ben. Ennek keretében kedden, június 7-én az Extreme lehetővé teszi, hogy virtuálisan csatlakozzanak a rendezvényhez az érdeklődők. A virtuális részvétel ingyenes!</strong></p>
<p><a href="https://web.cvent.com/event/7123fdd4-5377-4f6e-8fb6-9962c1d8192f/summary">Részletek és regisztráció az Extreme Connect weboldalán</a></p>
<p>Az Extreme Connect egy globális konferencia, amely végfelhasználók és műszaki partnerek, meglévő vagy leendő ügyfelek érdeklődésére egyaránt számot tart. A résztvevők jellemzően IT-szakemberekből és üzleti döntéshozókból állnak, a legkülönfélébb méretű és vertikumú szervezetekből.</p>
<p>A négynapos rendezvényen</p>
<ul>
<li>igazgatói prezentációk, szakmai előadások,</li>
<li>kapcsolatépítésre is kiválóan alkalmas kötetlen technikai egyeztetések és</li>
<li>vizsgázási lehetőséggel egybekötött mélyreható tréningek lesznek,</li>
</ul>
<p>melyek mind segítenek az Extreme Networks termékek és szoftverek megismerésében és sikeres használatában.</p>
<p>Az Extreme Connect Virtual részletes napirendjéről később adunk tájékoztatást.</p>
<p><strong>Írja be a naptárába!</strong></p>
<p><strong>2022. június 7-én ingyenes Extreme Connect Virtual</strong></p>
<p><a href="https://web.cvent.com/event/7123fdd4-5377-4f6e-8fb6-9962c1d8192f/summary">Részletek és regisztráció az Extreme Connect weboldalán</a></p>

<p>Az Extreme Networks 2022. június 6-a és 9-e között szervezi meg nagyszabású konferenciáját az amerikai Nashville-ben. Ennek keretében kedden, június 7-én az Extreme lehetővé teszi, hogy virtuálisan csatlakozzanak a rendezvényhez az érdeklődők. A virtuális részvétel ingyenes!</p>
