{"id":26264,"date":"2023-01-13T11:44:30","date_gmt":"2023-01-13T10:44:30","guid":{"rendered":"https:\/\/relnet.hu\/?post_type=tribe_events&#038;p=26264"},"modified":"2023-04-14T14:05:49","modified_gmt":"2023-04-14T12:05:49","slug":"relnetiq-sorozat-4-resz-halozatmonitorozas","status":"publish","type":"tribe_events","link":"https:\/\/relnet.hu\/en\/rendezveny\/relnetiq-sorozat-4-resz-halozatmonitorozas\/","title":{"rendered":"RelNetIQ sorozat: 4. r\u00e9sz \u2013 H\u00e1l\u00f3zatmonitoroz\u00e1s"},"content":{"rendered":"<p><strong>A RelNet Kft., valamint a BME T\u00e1vk\u00f6zl\u00e9si \u00e9s M\u00e9diainformatikai Tansz\u00e9k\u00e9nek k\u00f6z\u00f6s szervez\u00e9s\u0171 hibrid el\u0151ad\u00e1ssorozatban egyetemi tan\u00e1rok adnak el\u0151 a h\u00e1l\u00f3zatmenedzsment \u00e9s -biztons\u00e1g legaktu\u00e1lisabb t\u00e9m\u00e1iban. Az el\u0151ad\u00e1sok szem\u00e9lyesen az oktat\u00f3teremben, vagy online form\u00e1ban is k\u00f6vethet\u0151k.<\/strong><\/p>\n<p>Ne hagyja ki a lehet\u0151s\u00e9get, hogy a nemzetk\u00f6zi szinten is kiemelked\u0151 akad\u00e9miai teljes\u00edtm\u00e9nyt ny\u00fajt\u00f3 BME T\u00e1vk\u00f6zl\u00e9si \u00e9s M\u00e9diainformatikai Tansz\u00e9k egyetemi k\u00f6rnyezet\u00e9ben tudom\u00e1nyos sz\u00ednvonal\u00fa el\u0151ad\u00e1sokon \u00e9rtes\u00fclj\u00f6n az informatikai szakma leg\u00fajabb ir\u00e1nyair\u00f3l!<\/p>\n<h5>A RelNetIQ 4. r\u00e9sz\u00e9nek t\u00e9m\u00e1ja<\/h5>\n<p>Dr. Orosz P\u00e9ter (BME) el\u0151ad\u00e1s\u00e1nak t\u00e9m\u00e1ja a h\u00e1l\u00f3zatmonitoroz\u00e1s lesz.<\/p>\n<p>Az IP alap\u00fa h\u00e1l\u00f3zatok monitoroz\u00e1sa mindig \u00fajabb kih\u00edv\u00e1sok el\u00e9 \u00e1ll\u00edtja a szakembereket \u2013 t\u00f6bbek k\u00f6z\u00f6tt a folyamatosan n\u00f6vekv\u0151 \u00e1tviteli sebess\u00e9gek, felhaszn\u00e1l\u00f3i ig\u00e9nyek, h\u00e1l\u00f3zati komplexit\u00e1s \u00e9s a forgalmi titkos\u00edt\u00e1s miatt. A monitoroz\u00e1s a teljes\u00edtm\u00e9ny- \u00e9s hibamenedzsmentben, a h\u00e1l\u00f3zattervez\u00e9sben, az optimaliz\u00e1ci\u00f3ban, a biztons\u00e1gi megold\u00e1sokban is fontos szerepet j\u00e1tszik. Ebben az el\u0151ad\u00e1sban az alapok bemutat\u00e1s\u00e1t\u00f3l \u2013 passz\u00edv \u00e9s akt\u00edv h\u00e1l\u00f3zati monitoroz\u00e1s, sz\u0171r\u00e9s \u2013 az \u00f6sszetettebb protokollanal\u00edzisen t\u00fal, a monitoroz\u00f3 rendszerek architekt\u00far\u00e1j\u00e1n \u00e1t, eljutunk eg\u00e9szen olyan gyakorlati alkalmaz\u00e1sokig, mint a val\u00f3s idej\u0171, IP-alap\u00fa szolg\u00e1ltat\u00e1sok min\u0151s\u00e9gvizsg\u00e1lata.<\/p>\n<p>Id\u0151pont: 2023. \u00e1prilis 25. (kedd), 14:15-17:00<\/p>\n<p><strong>\u00d3rarend:<\/strong><\/p>\n<p>14:15-14:30 \u00c9rkez\u00e9s<br \/>\n14:30-15:30 A BME el\u0151ad\u00e1s 1. r\u00e9sze<br \/>\n15:30-15:45 K\u00e1v\u00e9sz\u00fcnet<br \/>\n15:45-16:30 A BME el\u0151ad\u00e1s 2. r\u00e9sze<br \/>\n16:30-16:45 RelNet \u00f6sszegz\u00e9s<br \/>\n16:45-17:00 K\u00e9rd\u00e9sek, v\u00e1laszok<\/p>\n<p>Helysz\u00edn: RelNet oktat\u00f3terem (1047 Budapest, V\u00e1ci \u00fat 71.)<\/p>\n<p>Az el\u0151ad\u00e1s streaming form\u00e1ban online is k\u00f6vethet\u0151.<\/p>\n<p>V\u00e1rjuk \u00d6nt a soron k\u00f6vetkez\u0151 (egyben utols\u00f3) el\u0151ad\u00e1sra is szem\u00e9lyesen vagy online. Az el\u0151ad\u00e1sokat jellemz\u0151en <u>minden h\u00f3nap harmadik keddj\u00e9re<\/u> szervezz\u00fck:<\/p>\n<ul>\n<li style=\"list-style-type: none;\">\n<ul>\n<li><strong>5. r\u00e9sz: 2023. m\u00e1jus 23. \/ 14:30-17:00:<\/strong> Felh\u0151 alap\u00fa szolg\u00e1ltat\u00e1sok (Dr. Simon Csaba \u2013 BME)<\/li>\n<li><strong>6. r\u00e9sz: 2023. j\u00fanius 20. \/ 14:30-17:00:<\/strong> A digit\u00e1lis auton\u00f3mia k\u00e9rd\u00e9sei a modern technol\u00f3gi\u00e1k t\u00fckr\u00e9ben (Dr. Krasznay Csaba \u2013 NKE)<\/li>\n<\/ul>\n<\/li>\n<\/ul>\n<p>Mentse el napt\u00e1r\u00e1ba az id\u0151pontokat m\u00e1r most!<\/p>\n<p>Minden <span style=\"text-decoration: underline;\">szem\u00e9lyes, oktat\u00f3termi jelenl\u00e9t\u00e9rt<\/span> 25 extra pontot \u00edrunk j\u00f3v\u00e1 az eLearning programunkban!<\/p>\n<h5>A kor\u00e1bbi el\u0151ad\u00e1sok a RelNet eLearningben visszan\u00e9zhet\u0151k!<\/h5>\n<ul>\n<li><a href=\"https:\/\/relnet.hu\/kepzes\/relnetiq-az-it-ot-konvergencia-kiberbiztonsaga\/\"><strong><strong>1. r\u00e9sz: <\/strong><\/strong>Az IT\/OT konvergencia kiberbiztons\u00e1ga (Dr. Varga P\u00e1l \u2013 BME)<\/a><\/li>\n<li><a href=\"https:\/\/relnet.hu\/kepzes\/relnetiq-wifi-es-5g-rendszerek-es-uzemeltetesuk\/\"><strong><strong>2. r\u00e9sz: <\/strong><\/strong>WiFi \u00e9s 5G rendszerek \u00e9s \u00fczemeltet\u00e9s\u00fck \u00a0(Dr. So\u00f3s G\u00e1bor \u2013 BME)<\/a><\/li>\n<li><a href=\"https:\/\/relnet.hu\/kepzes\/relnetiq-navigacio-kapcsolati-halokban\/\"><strong>3. r\u00e9sz: <\/strong>Navig\u00e1ci\u00f3 kapcsolati h\u00e1l\u00f3kban (Dr. Guly\u00e1s Andr\u00e1s \u2013 BME)<\/a><\/li>\n<\/ul>\n<p>&nbsp;<\/p>\n<p>&nbsp;<\/p>\n","protected":false},"excerpt":{"rendered":"<p>A RelNet Kft., valamint a BME T\u00e1vk\u00f6zl\u00e9si \u00e9s M\u00e9diainformatikai Tansz\u00e9k\u00e9nek k\u00f6z\u00f6s szervez\u00e9s\u0171 hibrid el\u0151ad\u00e1ssorozatban egyetemi tan\u00e1rok adnak el\u0151 a h\u00e1l\u00f3zatmenedzsment \u00e9s -biztons\u00e1g legaktu\u00e1lisabb t\u00e9m\u00e1iban. Az el\u0151ad\u00e1sok szem\u00e9lyesen az oktat\u00f3teremben, vagy online form\u00e1ban is k\u00f6vethet\u0151k.<\/p>\n","protected":false},"author":1086,"featured_media":28119,"comment_status":"closed","ping_status":"closed","template":"","meta":{"footnotes":""},"tags":[2551,3309,3308,2685,2850,2887,3310,3154],"tribe_events_cat":[3116,18,15],"yst_prominent_words":[],"class_list":["post-26264","tribe_events","type-tribe_events","status-publish","has-post-thumbnail","hentry","tag-bme","tag-halozati-monitorozas","tag-halozatmonitorozas","tag-itom-2","tag-monitoring","tag-monitorozas","tag-protokollanalizis","tag-relnetiq","tribe_events_cat-relnetiq","tribe_events_cat-vegfelhasznalo","tribe_events_cat-viszontelado","cat_relnetiq","cat_vegfelhasznalo","cat_viszontelado"],"_links":{"self":[{"href":"https:\/\/relnet.hu\/en\/wp-json\/wp\/v2\/tribe_events\/26264","targetHints":{"allow":["GET"]}}],"collection":[{"href":"https:\/\/relnet.hu\/en\/wp-json\/wp\/v2\/tribe_events"}],"about":[{"href":"https:\/\/relnet.hu\/en\/wp-json\/wp\/v2\/types\/tribe_events"}],"author":[{"embeddable":true,"href":"https:\/\/relnet.hu\/en\/wp-json\/wp\/v2\/users\/1086"}],"replies":[{"embeddable":true,"href":"https:\/\/relnet.hu\/en\/wp-json\/wp\/v2\/comments?post=26264"}],"version-history":[{"count":10,"href":"https:\/\/relnet.hu\/en\/wp-json\/wp\/v2\/tribe_events\/26264\/revisions"}],"predecessor-version":[{"id":28117,"href":"https:\/\/relnet.hu\/en\/wp-json\/wp\/v2\/tribe_events\/26264\/revisions\/28117"}],"wp:featuredmedia":[{"embeddable":true,"href":"https:\/\/relnet.hu\/en\/wp-json\/wp\/v2\/media\/28119"}],"wp:attachment":[{"href":"https:\/\/relnet.hu\/en\/wp-json\/wp\/v2\/media?parent=26264"}],"wp:term":[{"taxonomy":"post_tag","embeddable":true,"href":"https:\/\/relnet.hu\/en\/wp-json\/wp\/v2\/tags?post=26264"},{"taxonomy":"tribe_events_cat","embeddable":true,"href":"https:\/\/relnet.hu\/en\/wp-json\/wp\/v2\/tribe_events_cat?post=26264"},{"taxonomy":"yst_prominent_words","embeddable":true,"href":"https:\/\/relnet.hu\/en\/wp-json\/wp\/v2\/yst_prominent_words?post=26264"}],"curies":[{"name":"wp","href":"https:\/\/api.w.org\/{rel}","templated":true}]}}

RelNetIQ sorozat: 4. rész – Hálózatmonitorozás

<p><strong>A RelNet Kft., valamint a BME Távközlési és Médiainformatikai Tanszékének közös szervezésű hibrid előadássorozatban egyetemi tanárok adnak elő a hálózatmenedzsment és -biztonság legaktuálisabb témáiban. Az előadások személyesen az oktatóteremben, vagy online formában is követhetők.</strong></p>
<p>Ne hagyja ki a lehetőséget, hogy a nemzetközi szinten is kiemelkedő akadémiai teljesítményt nyújtó BME Távközlési és Médiainformatikai Tanszék egyetemi környezetében tudományos színvonalú előadásokon értesüljön az informatikai szakma legújabb irányairól!</p>
<h5>A RelNetIQ 4. részének témája</h5>
<p>Dr. Orosz Péter (BME) előadásának témája a hálózatmonitorozás lesz.</p>
<p>Az IP alapú hálózatok monitorozása mindig újabb kihívások elé állítja a szakembereket – többek között a folyamatosan növekvő átviteli sebességek, felhasználói igények, hálózati komplexitás és a forgalmi titkosítás miatt. A monitorozás a teljesítmény- és hibamenedzsmentben, a hálózattervezésben, az optimalizációban, a biztonsági megoldásokban is fontos szerepet játszik. Ebben az előadásban az alapok bemutatásától – passzív és aktív hálózati monitorozás, szűrés – az összetettebb protokollanalízisen túl, a monitorozó rendszerek architektúráján át, eljutunk egészen olyan gyakorlati alkalmazásokig, mint a valós idejű, IP-alapú szolgáltatások minőségvizsgálata.</p>
<p>Időpont: 2023. április 25. (kedd), 14:15-17:00</p>
<p><strong>Órarend:</strong></p>
<p>14:15-14:30 Érkezés<br />
14:30-15:30 A BME előadás 1. része<br />
15:30-15:45 Kávészünet<br />
15:45-16:30 A BME előadás 2. része<br />
16:30-16:45 RelNet összegzés<br />
16:45-17:00 Kérdések, válaszok</p>
<p>Helyszín: RelNet oktatóterem (1047 Budapest, Váci út 71.)</p>
<p>Az előadás streaming formában online is követhető.</p>
<p>Várjuk Önt a soron következő (egyben utolsó) előadásra is személyesen vagy online. Az előadásokat jellemzően <u>minden hónap harmadik keddjére</u> szervezzük:</p>
<ul>
<li style="list-style-type: none;">
<ul>
<li><strong>5. rész: 2023. május 23. / 14:30-17:00:</strong> Felhő alapú szolgáltatások (Dr. Simon Csaba – BME)</li>
<li><strong>6. rész: 2023. június 20. / 14:30-17:00:</strong> A digitális autonómia kérdései a modern technológiák tükrében (Dr. Krasznay Csaba – NKE)</li>
</ul>
</li>
</ul>
<p>Mentse el naptárába az időpontokat már most!</p>
<p>Minden <span style="text-decoration: underline;">személyes, oktatótermi jelenlétért</span> 25 extra pontot írunk jóvá az eLearning programunkban!</p>
<h5>A korábbi előadások a RelNet eLearningben visszanézhetők!</h5>
<ul>
<li><a href="https://relnet.hu/kepzes/relnetiq-az-it-ot-konvergencia-kiberbiztonsaga/"><strong><strong>1. rész: </strong></strong>Az IT/OT konvergencia kiberbiztonsága (Dr. Varga Pál – BME)</a></li>
<li><a href="https://relnet.hu/kepzes/relnetiq-wifi-es-5g-rendszerek-es-uzemeltetesuk/"><strong><strong>2. rész: </strong></strong>WiFi és 5G rendszerek és üzemeltetésük  (Dr. Soós Gábor – BME)</a></li>
<li><a href="https://relnet.hu/kepzes/relnetiq-navigacio-kapcsolati-halokban/"><strong>3. rész: </strong>Navigáció kapcsolati hálókban (Dr. Gulyás András – BME)</a></li>
</ul>
<p>&nbsp;</p>
<p>&nbsp;</p>

<p>A RelNet Kft., valamint a BME Távközlési és Médiainformatikai Tanszékének közös szervezésű hibrid előadássorozatban egyetemi tanárok adnak elő a hálózatmenedzsment és -biztonság legaktuálisabb témáiban. Az előadások személyesen az oktatóteremben, vagy online formában is követhetők.</p>
